False
Is 705355402 a multiple of 15?
False
Is 79873024 a multiple of 616?
True
Is 67 a factor of 3155310753?
False
Is 818 a factor of 229394855?
False
Is 305669 a multiple of 156?
False
Is 1337241536 a multiple of 64?
True
Is 94 a factor of 302965384?
True
Is 130912914 a multiple of 2563?
True
Is 99684643 a multiple of 941?
False
Is 33 a factor of 238965540?
True
Is 74 a factor of 217125620?
True
Does 5 divide 36259627?
False
Is 746134344 a multiple of 3158?
True
Is 14541880 a multiple of 820?
True
Is 28 a factor of 68854044?
True
Is 113 a factor of 1852463678?
False
Does 1181 divide 286949377?
False
Is 2546 a factor of 592927756?
True
Does 120 divide 13021800?
True
Is 172162204 a multiple of 1772?
True
Is 1187208548 a multiple of 6703?
True
Is 23 a factor of 66225763?
True
Is 4050341540 a multiple of 12268?
True
Does 292 divide 308290354?
False
Is 521 a factor of 4895827?
False
Is 2427 a factor of 92129021?
False
Is 307072152 a multiple of 3561?
True
Does 3880 divide 309926615?
False
Is 50 a factor of 301198350?
True
Is 3040876242 a multiple of 7082?
True
Is 1959760504 a multiple of 1352?
True
Is 144185860 a multiple of 70?
True
Does 4819 divide 805455861?
False
Is 21 a factor of 459542685?
True
Is 1487 a factor of 24032894?
True
Does 631 divide 6351015?
True
Is 26947800 a multiple of 495?
True
Does 425 divide 449815529?
False
Is 41745424 a multiple of 16?
True
Is 464846828 a multiple of 5444?
True
Is 2532 a factor of 710212183?
False
Does 26 divide 3222827322?
True
Does 62 divide 1268093167?
False
Does 137 divide 300819394?
True
Does 362 divide 373579294?
True
Does 189 divide 25978239?
True
Does 10 divide 1420559789?
False
Does 18 divide 295896958?
False
Is 161 a factor of 139487195?
False
Is 16 a factor of 259275360?
True
Does 4379 divide 1202153733?
True
Does 238 divide 1131120419?
False
Is 1279 a factor of 1360650367?
False
Is 39 a factor of 101070144?
False
Is 5 a factor of 303031560?
True
Does 1788 divide 373114476?
True
Is 15 a factor of 24758788?
False
Is 7537 a factor of 2705842639?
False
Is 2327220003 a multiple of 14043?
True
Is 225909005 a multiple of 85?
True
Does 491 divide 52735364?
True
Does 1571 divide 83952669?
True
Does 29 divide 4071695845?
True
Is 31823282 a multiple of 202?
True
Is 832 a factor of 7477569?
False
Is 16 a factor of 17779200?
True
Is 94 a factor of 975166058?
True
Is 22086512 a multiple of 76?
True
Does 1067 divide 17384827?
False
Does 3577 divide 786261281?
False
Is 1121231814 a multiple of 107?
True
Is 837756060 a multiple of 290?
True
Does 67 divide 663848864?
True
Is 4561710 a multiple of 30?
True
Is 126955242 a multiple of 8?
False
Does 262 divide 8448665?
False
Does 12 divide 139758161?
False
Is 5 a factor of 14384358?
False
Is 64 a factor of 4356521?
False
Does 8 divide 35040416?
True
Is 17 a factor of 124286711?
True
Is 2974 a factor of 103982936?
True
Is 19 a factor of 978514459?
True
Does 5 divide 2973185?
True
Is 110513362 a multiple of 6?
False
Is 422778305 a multiple of 7?
False
Is 23 a factor of 76555847?
False
Does 259 divide 101091844?
True
Is 42491231 a multiple of 7?
False
Does 450 divide 173540128?
False
Is 3592907010 a multiple of 2970?
True
Is 1151 a factor of 585169303?
False
Is 118915416 a multiple of 492?
True
Is 62 a factor of 11608862?
False
Does 9 divide 3611778?
False
Is 2266226324 a multiple of 10?
False
Is 719 a factor of 80203012?
True
Is 119867640 a multiple of 91?
False
Is 104 a factor of 255784256?
True
Does 491 divide 40906318?
False
Is 48 a factor of 540263184?
True
Is 5133 a factor of 5082342423?
True
Does 334 divide 190462498?
True
Is 695850863 a multiple of 15?
False
Does 249 divide 8909967?
True
Is 380 a factor of 68808500?
True
Is 488614896 a multiple of 7146?
True
Is 406 a factor of 150501063?
False
Does 2234 divide 269938688?
True
Does 55 divide 12078715?
True
Does 849 divide 174316680?
True
Does 11 divide 88531861?
True
Is 1274 a factor of 154027874?
True
Is 4198 a factor of 667041210?
True
Is 55 a factor of 809486821?
False
Is 93 a factor of 19698598?
False
Is 3843552 a multiple of 24?
True
Does 12 divide 4113099?
False
Does 268 divide 50131276?
True
Is 150 a factor of 4797773?
False
Is 1303068683 a multiple of 4571?
True
Is 20556964 a multiple of 17?
False
Does 15 divide 44080899?
False
Does 22 divide 111467136?
True
Does 3679 divide 167181118?
True
Does 222 divide 6184704?
False
Does 8 divide 4111905282?
False
Is 9 a factor of 1755574459?
False
Is 1483173976 a multiple of 8?
True
Is 140940234 a multiple of 517?
False
Is 48 a factor of 205669736?
False
Is 26 a factor of 1048567338?
True
Is 569 a factor of 52615999?
True
Is 384 a factor of 218446464?
True
Is 2595 a factor of 1271661585?
True
Is 81430522 a multiple of 445?
False
Does 70 divide 107437890?
True
Is 25831069 a multiple of 20?
False
Is 1187 a factor of 3347342865?
False
Does 277 divide 18481796?
False
Does 20 divide 720425589?
False
Does 11665 divide 3384949700?
True
Is 6236776110 a multiple of 12206?
False
Is 90 a factor of 31755960?
True
Is 42403684 a multiple of 1247?
False
Is 5967674976 a multiple of 141?
True
Is 1086 a factor of 4325986518?
True
Does 91 divide 303410926?
True
Is 295 a factor of 5304456?
False
Is 66956224 a multiple of 8?
True
Does 1660 divide 32874504?
False
Is 10697 a factor of 1601961326?
True
Is 50901298 a multiple of 316?
False
Is 54 a factor of 10368756?
True
Is 1617 a factor of 65957221?
False
Is 40679520 a multiple of 16?
True
Is 95 a factor of 46188810?
True
Is 3318250 a multiple of 2?
True
Is 26916040 a multiple of 40?
True
Does 52 divide 168563332?
False
Is 11 a factor of 510914096?
True
Is 107820125 a multiple of 875?
True
Does 12 divide 1170766320?
True
Is 448 a factor of 758553901?
False
Is 20911584 a multiple of 48?
True
Is 3 a factor of 6739094?
False
Is 134 a factor of 13945866?
False
Is 21632645 a multiple of 94?
False
Is 2949 a factor of 4485147?
False
Is 39 a factor of 555498450?
True
Is 1903149488 a multiple of 1228?
True
Does 25 divide 53514950?
True
Is 2751416 a multiple of 25?
False
Is 113616823 a multiple of 744?
False
Is 510 a factor of 449125348?
False
Does 18 divide 2946067506?
True
Does 798 divide 8816617?
False
Is 1779635616 a multiple of 1018?
False
Is 31 a factor of 92254946?
True
Does 155 divide 5349728?
False
Does 888 divide 136188384?
False
Is 52850180 a multiple of 198?
False
Is 1617648598 a multiple of 2186?
False
Does 2837 divide 1527389734?
True
Is 32 a factor of 172826336?
True
Is 11284260 a multiple of 276?
True
Does 17 divide 17916504?
True
Does 196 divide 201078357?
False
Is 66272055 a multiple of 15?
True
Does 9 divide 35346726?
True
Is 74505450 a multiple of 50?
True
Does 13 divide 476750445?
False
Does 3095 divide 418422335?
True
Does 3637 divide 1516629?
True
Is 4637970 a multiple of 30?
True
Is 112 a factor of 1245614960?
False
Does 399 divide 1733479383?
False
Does 836 divide 1138821772?
True
Is 4106640 a multiple of 71?
True
Does 11 divide 688932255?
True
Is 1059624280 a multiple of 680?
True
Is 180 a factor of 77861700?
True
Does 240 divide 14236560?
True
Is 611 a factor of 1894510969?
False
Is 12 a factor of 1902843?
False
Does 659 divide 341059589?
False
Is 230 a factor of 6365566?
False
Does 4043 divide 1422193981?
True
Is 394032736 a multiple of 688?
True
Is 1601157135 a multiple of 15?
True
Is 33 a factor of 665926107?
True
Is 32 a factor of 2417452395?
False
Is 156554752 a multiple of 20?
False
Is 3751704690 a multiple of 502?
False
Is 114 a factor of 23509676?
False
Is 154197372 a multiple of 12?
True
Is 20478478 a multiple of 86?
False
Is 480307382 a multiple of 5102?
True
Does 122 divide 11447870?
True
Is 253330308 a multiple of 84?
True
Is 320488 a multiple of 28?
True
Is 46872587 a multiple of 17?
True
Does 20 divide 311979580?
True
Is 62 a factor of 153874107?
False
Is 107320202 a multiple of 69?
False
Does 109 divide 51074130?
True
Is 11 a factor of 2694945?
True
Is 127207630 a multiple of 3?
False
Is 575 a factor of 979254900?
True
Does 2475 divide 231902550?
True
Is 45 a factor of 1779882851?
False
Is 130776049 a multiple of 632?
False
Is 351 a factor of 42666052?
False
Is 590274300 a multiple of 66?
True
Does 11 divide 6301526?
True
Does 40 divide 146375000?
True
Is 128881688 a multiple of 52?
True
Is 178490752